et m(p) be the third derivative of 3*p**4/8 + p**3/3 + 18*p**2. Calculate m(1).
11
Suppose -7 = -c - u, -c - 4*u = -0*c - 22. Let f(j) = 17 - 4*j**2 + j**3 + 8 - 26 - 3*j - j**c. Give f(6).
17
Suppose -4*s - b = -2*b + 17, -4*s = -5*b + 5. Let x(u) be the first derivative of u**4/4 + 4*u**3/3 - 5*u**2/2 - u + 1495. Give x(s).
-1
Suppose -158 = u - 141. Let j(q) = q**3 + 15*q**2 - 37*q - 42. Determine j(u).
9
Let w(s) = 36*s + 22. Let h(c) = 44*c + 23. Let j(n) = 4*h(n) - 5*w(n). Give j(4).
-34
Let m(q) = -7*q + 9. Suppose 0 = -8*h - 246 + 1310. Suppose 124*t - h*t = -63. Give m(t).
-40
Let g(w) = w**3 - 17*w**2 + 17*w - 17. Let r = 3565 + -3549. Determine g(r).
-1
Suppose 1 = -2*o + 3. Let w be (-8)/6*(-3)/o. Let n(k) = 65*k**2 - 63*k + 10. Let b(u) = 27*u**2 - 26*u + 4. Let j(s) = -12*b(s) + 5*n(s). Determine j(w).
6
Let y(t) be the third derivative of t**5/30 + 29*t**4/24 + 101*t**3/6 - 591*t**2. Determine y(-6).
-1
Suppose -343 = 3*s - 97. Let w = -82 - s. Suppose -4*y - 10 - 6 = w. Let q(v) = -v**2 - 3*v - 1. Calculate q(y).
-5
Let d(s) = 75*s + 96. Let t be d(-7). Let y = 422 + t. Let i(g) = -g**3 - 6*g**2 + 7*g + 5. Give i(y).
5
Let l(w) = -3*w**3 + 109*w**2 - 39*w + 99. Let t(p) = p**2 + 146*p + 3429. Let j be t(-117). What is l(j)?
-9
Let v(t) = -47*t**3 + 27*t**2 + 30*t + 140. Let d(l) = -7*l**3 + 4*l**2 + 4*l + 20. Let y(a) = 27*d(a) - 4*v(a). Give y(-2).
12
Let y(a) = -49 - 48 + 7*a + 113. What is y(-2)?
2
Let m(b) be the first derivative of 1/2*b**2 - 1/3*b**3 - 8*b + 138. What is m(0)?
-8
Let u = -13124 - -13118. Let j(a) = 2*a**2 + 8*a - 20. Determine j(u).
4
Let z(j) = -2*j**2 + 1. Suppose 0*q = -4*p + 2*q + 54, -4*p + 39 = q. Suppose -13 = -r - 4*b, -6*b + p*b - 12 = 3*r. Determine z(r).
-1
Let o(s) be the second derivative of -s**5/20 + 5*s**4/6 + s**3/6 - 5*s**2/2 - 1895*s. Determine o(10).
5
Let d(q) = 13*q - 71. Suppose -2*x + 3*m + 4 = 13, m - 7 = 0. What is d(x)?
7
Let u(h) = h**3 - 22*h**2 - 48*h + 6. Let t be u(24). Suppose o - 2*n - t = 8, -5*o + 40 = -4*n. Suppose -o*a - 10 + 46 = 0. Let s(b) = b - 10. What is s(a)?
-1
Suppose -12*n + 3 = -11*n. Suppose r - n = k, -r = -3*r. Let l(p) = -2*p**2 - 2*p + 2. Determine l(k).
-10
Let v(y) = -y**3 + 5*y**2 + 9*y - 3. Let t be v(6). Suppose -t*w = -18*w. Let n(x) = x**3 + x**2 + 31. Give n(w).
31
Suppose 2 = -4*l - 6. Let c(g) be the first derivative of -g**2/2 - 12*g + 10. Let u(h) = -h - 2. Let s(f) = -c(f) + 6*u(f). Give s(l).
10
Let c(a) = 7*a - 13. Let b = 2374 - 2370. Determine c(b).
15
Let y(w) = 4*w**2 + 3*w - 1. Let j be -24*11/((-231)/(-14)). Let c(i) = i + 13. Let b be c(j). Determine y(b).
26
Suppose 0 = -5*p - 4112 + 4097. Let u(g) = -2*g**2 - 2*g + 2. Let k(x) = -4*x**2 - 5*x + 5. Let j(l) = -2*k(l) + 5*u(l). What is j(p)?
-18
Let v be (-84 - -87) + (-1 - -1). Let s(r) = 40*r**3 - 2*r**2 + r + 5. Let l(u) = u**2 - 2. Let d(y) = v*l(y) + s(y). What is d(1)?
41
Let l(w) = -w**3 + 4*w**2 - 2. Let a(r) = -3*r - 7. Let y = 114 + -117. Let h be a(y). What is l(h)?
6
Let f(c) = -12*c - 50. Let m be f(-4). Let p be (m + -2)*((5 - -4) + -8). Let h(j) = -5*j + 2 - 1 - j**2 + 0*j. Give h(p).
5
Let j(p) = 2*p**3 - 57*p**2 - 92*p + 29. Let b be j(30). Let w(r) = 7*r + 218. What is w(b)?
1
Let j(c) = 11*c - 126 + 22 + c**3 - 7*c**2 - 129 + 233. Give j(5).
5
Let u be 23 + -20 - (2 + 1). Let h(p) = -p**2 + 23. Determine h(u).
23
Let p(m) be the second derivative of -m**4/24 + m**3/6 - 63*m**2/2 + 33*m. Let d(k) be the first derivative of p(k). What is d(0)?
1
Let j(p) be the first derivative of -p**4/2 - 19*p**3/3 + 4*p**2 - 11*p - 2964. What is j(-10)?
9
Let u be 1001/385 - (-84)/(-15). Let x(q) = -5*q + 2*q**2 + q + 3 + q. Determine x(u).
30
Let p(u) = -117*u + 441. Let l be p(4). Let o(w) = -w**3 - 28*w**2 - 27*w + 17. Give o(l).
17
Let j(b) be the second derivative of -b**2 - 1/3*b**4 + 18*b - 1/6*b**3 + 2. Calculate j(-3).
-35
Let t(b) = -117*b**2 + b**3 - 4 + 122*b**2 + 1 - 6 - 5*b. Let w be t(-6). Let o be (96/40)/((-6)/w). Let x(c) = 2*c + 8. What is x(o)?
20
Let p(u) = -u**3 + 22*u**2 - 6*u + 98. Let b be p(22). Let l be 4 + (-15)/4 - b/(-8). Let y(q) = -q**2 + 4. Calculate y(l).
-12
Suppose -4*q - 9 = 11. Let n(c) = -2*c + 111. Let l(r) = 2*r - 151. Let x(u) = -3*l(u) - 4*n(u). Calculate x(q).
-1
Let c(a) = 4*a**2. Let v(p) = 21*p**2 + 9*p - 109. Let k(s) = 5*c(s) - v(s). What is k(7)?
-3
Let y(f) = -16*f - 14. Let n be y(-1). Let v(t) be the second derivative of 15/2*t**n + 0 - 2*t - 1/6*t**3. Give v(7).
8
Let o(x) = -x**3 - 12*x**2 + 14*x + 9. Let i = 2920 - 2933. Determine o(i).
-4
Let c(v) = 3*v**3 - 31*v**2 + 95*v + 53. Let t(g) = 4*g**3 - 46*g**2 + 143*g + 79. Let s(i) = 7*c(i) - 5*t(i). Give s(-16).
8
Let o(u) = -6*u - 37. Let r be o(-6). Let k be ((105/(-12))/r - 4)*8. Let h(m) = m + 22 - 4*m**2 - k + 18. Calculate h(-2).
-16
Let y(z) = -z**3 + 8*z**2 - z + 14. Let f(l) = -l**3 - 79*l**2 + 83*l + 248. Let v be f(-80). Calculate y(v).
6
Let i = 41522 - 41527. Let q(c) = -5 - 4 + 2 - 11*c - 2*c**2. Give q(i).
-2
Let a = 25610 + -25597. Let p(k) = -k**2 - 3*k + 216. Give p(a).
8
Let b(j) = -11*j - 20. Let t(m) = -4*m**3 - 90*m**2 + 46*m - 5. Let n be t(-23). Calculate b(n).
35
Suppose v + 16 - 7 = -2*h, 3*v + h = -17. Let a(l) = -4*l - 10. Let t(n) = -n - 1. Let q(z) = -a(z) + 5*t(z). What is q(v)?
10
Let f(p) = 57 - 5496*p**2 - 16 + 5481*p**2 + p**3 + 9*p. Calculate f(14).
-29
Let p(h) = 784*h + 4564. Let w(g) = -262*g - 1520. Let m(j) = 3*p(j) + 8*w(j). Determine m(-6).
-4
Let y = 23 + -21. Let c(v) = 5*v**2 + 25*v. Let q(h) = 11*h**2 + 54*h. Let r(m) = 13*c(m) - 6*q(m). Give r(y).
-2
Let g(x) = 4*x - 12. Let k be (1 + (-3)/21)*(-15)/((-195)/91). Determine g(k).
12
Let z(x) = 50*x - 73. Let w(s) = 14*s - 19. Let o(h) = -11*w(h) + 3*z(h). Give o(-4).
6
Let k(o) = o**3 - 2*o**2 - 3*o + 3. Let y = -31 - -19. Suppose 6*d + 48 = -42. Let p = y - d. Determine k(p).
3
Let a(d) = 2*d + 1. Let m(l) = -l. Let g(v) = a(v) - 2*m(v). Let j be 9 - ((-10 - -16) + 4). Calculate g(j).
-3
Suppose 187 = 22*b + 33. Let q(c) = -3*c - 3. What is q(b)?
-24
Let d(u) = -3*u**2 + u - 3. Let i(f) = -f**3 + 2*f**2 + 22*f - 41. Let s be i(2). Suppose -3*m = -5*k + s + 19, -3*m = 4*k + 4. Calculate d(k).
-13
Suppose 4 = -2*a - 2*a, g + a = -4. Let f(d) = -d**3 - 2*d**2 + d - 5. Let s be f(g). Let p(m) = -6 + 2 + 4*m + s. What is p(-3)?
-15
Let j(m) = m - 4. Let d be 774/(-1032) - (-6)/8. What is j(d)?
-4
Let r(z) = -18*z**2 + 3*z - 9. Let l(s) = 33*s**2 - 6*s + 20. Let a(h) = 5*l(h) + 9*r(h). Calculate a(0).
19
Suppose -35*h - 112 = -19*h. Let d(o) = -3*o**3 + 2*o**3 - o**2 + 4 + 7*o - 5*o**2 + 0*o**2. Determine d(h).
4
Let a(v) = 2*v - 6. Suppose 9*m + 20*m = 1044. Suppose 5*l + 16 = m. Give a(l).
2
Let r(a) be the first derivative of 5*a**3/3 - 29*a**2 - 30*a - 2067. What is r(12)?
-6
Let s be 38/14 - -3*16/168. Let q be (-1 + 0)/(-6 - -7). Let d(a) = -4*a + 3. Let c(k) = -k. Let o(t) = q*c(t) + d(t). Give o(s).
-6
Suppose -3540 - 888 = 369*o. Let j(q) = -q**3 - 10*q**2 + 25*q + 25. Calculate j(o).
13
Let o(t) = -t**2 + 11*t - 6. Suppose 0 = 5*j + d - 21, 2*j - 10 = 20*d - 22*d. Calculate o(j).
22
Let s(t) be the second derivative of t**4/12 + t**3/3 - 3*t**2 + 733*t. Determine s(4).
18
Let r be ((-14)/(-56))/(7/224). Let q(t) = -49*t + 388. Determine q(r).
-4
Let k(v) = 2*v**2 + 6*v - 9. Let s(u) = 2*u**2 + 71*u - 229. Let n be s(3). What is k(n)?
11
Let c(t) = -2*t**2 + 0*t**2 - 23 + 16*t**2 - 11*t**2 - 2*t**2. Give c(4).
-7
Let r(x) = 7380*x**3 + 0 - 5*x**2 - x + 3*x - 7379*x**3 - x - 1. Give r(5).
4
Let p(u) be the second derivative of u**3/6 - 5*u**2 + 4*u + 2430. Suppose -2*c = -2*h + 24, -5*c - 55 + 1 = -2*h. Let g = 17 + c. Calculate p(g).
-3
Let n(s) = 15*s + 15. Let d be (3/(-2))/(-1) - (-12810)/(-1220). Calculate n(d).
-120
Let m(u) = 10*u - u**2 + 22*u - 3 + 25 - 13*u. Give m(20).
2
Let l(g) = -1224 - 10*g + g**2 - 1161 + 2394. Suppose 4*y + 0*y + 3*h = 18, 2*y = h + 4. Suppose 4*u = -0*q + y*q + 22, 27 = 5*u - 4*q. What is l(u)?
-12
Let t(i) = 4*i - 12. Let j be t(4). Suppose -32 = -a + 5*a - 4*v, 4 = j*v. Let s(y) = 7*y - 63*y**2 + 0 + 64*y**2 - 2. Determine s(a).
-2
Suppose -6*a + 2*a = -60. Suppose a = 5*r - 5*w, -2*r - 3*r = 3*w + 9. Let h(o) be the second derivative